= -23*i**2 + 3531*i + 102. Determine o(154).
-1592
Let u(c) = -2359*c - 54239. What is u(-23)?
18
Let h(r) = 19*r + 288. Determine h(-8).
136
Let x(u) = 34*u**2 + 1246*u - 4954. Give x(4).
574
Let p(b) = -9859*b + 49287. Give p(5).
-8
Let n(t) = -105*t**3 + 5039*t**2 + 53*t - 240. What is n(48)?
0
Let j(c) = 41056*c - 615834. Give j(15).
6
Let t(x) = x**3 - 60*x**2 + 5383*x - 332079. What is t(61)?
5
Let n(m) = -8*m**3 - 93*m**2 - 185*m - 2674. What is n(-12)?
-22
Let f(w) = -1834*w - 78863. Calculate f(-43).
-1
Let g(b) = b**2 + 398585*b + 3188617. Determine g(-8).
1
Let y(b) = 97390*b + 3116483. Determine y(-32).
3
Let b(y) = 207968*y + 7694822. Calculate b(-37).
6
Let t(n) = -n**3 + 40*n**2 + 6*n + 1914. Calculate t(41).
479
Let u(d) = 2*d**2 + 69*d + 1208. Give u(-22).
658
Let k(w) = 27*w**2 + 38*w - 157. Determine k(-9).
1688
Let w(d) = 2*d**3 - 417*d**2 + 1820*d + 3267. Calculate w(204).
3
Let v(a) = 246*a + 8595. Determine v(-35).
-15
Let m(w) = -201*w - 42368. Calculate m(-211).
43
Let h(p) = p**2 + 249*p - 5951. Give h(26).
1199
Let q(b) = 3*b**2 - 346*b + 1430. Calculate q(5).
-225
Let u(z) = -883*z - 62369. What is u(-71)?
324
Let z(t) = 3*t**3 - 116*t**2 + 147*t - 2689. Give z(38).
9
Let g(z) = -z**3 + 1325*z**2 + 74401*z - 3505. Give g(-54).
5
Let k(z) = -43818*z + 350544. Determine k(8).
0
Let q(l) = 566*l**2 - 585*l - 6. Calculate q(1).
-25
Let o(y) = y**2 + 227*y - 12923. Determine o(47).
-45
Let c(f) = 2*f**3 + 7*f**2 - 9*f - 47. Determine c(-7).
-327
Let l(o) = -7378*o - 900143. What is l(-122)?
-27
Let z(t) = 949*t + 195. Give z(-2).
-1703
Let s(o) = -1682*o + 18845. Determine s(12).
-1339
Let l(a) = -2*a**3 - 675*a**2 + 975*a + 215245. Give l(-338).
-61
Let k(z) = -z**3 + 9*z**2 - 175*z + 930. What is k(6)?
-12
Let u(w) = w**3 + 179*w**2 - 504*w + 7660. Calculate u(-182).
16
Let n(p) = -2*p**3 + 68*p**2 + 213*p - 7276. Give n(34).
-34
Let m(p) = -1642*p + 37205. What is m(23)?
-561
Let c(o) = 2874*o + 60346. Calculate c(-21).
-8
Let u(n) = 255056*n + 5866292. Determine u(-23).
4
Let h(s) = -5*s**3 + 235*s**2 + 29*s - 1342. Determine h(47).
21
Let d(j) = -10934*j - 54728. Determine d(-5).
-58
Let q(j) = -j**3 - 218*j**2 - 2454*j + 3716. What is q(-206)?
8
Let x(o) = -7*o**2 - 137*o + 16. Determine x(-22).
-358
Let x(a) = 246*a - 7833. Determine x(30).
-453
Let d(w) = 44816*w - 134212. Calculate d(3).
236
Let o(k) = -7305*k + 51133. What is o(7)?
-2
Let g(t) = -3*t**3 - 4*t**2 - 20*t - 11. Calculate g(-4).
197
Let k(j) = -2*j**3 + 7*j**2 - 22*j - 89. Calculate k(-4).
239
Let p(q) = -21*q + 827. Calculate p(37).
50
Let m(j) = j**3 - 90*j**2 + 266*j + 12. Give m(87).
447
Let b(f) = -7435*f + 3307. Give b(0).
3307
Let q(t) = t**3 - 65*t**2 + 882*t - 146. Determine q(17).
976
Let f(k) = -43406*k + 6944969. Give f(160).
9
Let i(g) = 142*g**2 + 3402*g - 216. What is i(-24)?
-72
Let h(d) = -162*d**2 - 1518*d - 50. Determine h(-8).
1726
Let a(x) = -180*x**2 + 3829*x + 2992. What is a(22)?
110
Let b(r) = -126*r + 10885. What is b(81)?
679
Let l(x) = -2*x**3 + 345*x**2 + 2857*x + 20. Determine l(-8).
268
Let t(m) = m**2 - 179*m + 6671. What is t(88)?
-1337
Let g(l) = 3482*l - 1894220. Give g(544).
-12
Let r(b) = -621*b**2 + 302*b + 286. What is r(-1)?
-637
Let x(y) = y**3 + 9*y**2 - 5161*y - 56599. Calculate x(-11).
-70
Let l(c) = 88383*c + 265128. What is l(-3)?
-21
Let j(m) = m**3 - m**2 + 88*m + 36. Calculate j(10).
1816
Let m(p) = -15*p**2 - 960*p + 181. Give m(-64).
181
Let y(u) = 3*u**2 - 4368*u - 26266. Calculate y(-6).
50
Let z(j) = -36360*j + 327242. What is z(9)?
2
Let i(r) = 47185*r - 377501. What is i(8)?
-21
Let q(t) = -t**3 - 32*t**2 - 113*t - 32. Determine q(-28).
-4
Let h(f) = -18564*f - 241297. Calculate h(-13).
35
Let i(u) = u**3 - 5*u**2 - 125*u - 282. Determine i(-6).
72
Let y(v) = v**2 - 65*v - 6948. Determine y(-57).
6
Let a(r) = 2*r**2 - 7389*r + 198046. Determine a(27).
1
Let c(t) = t**3 + 9*t**2 + 31*t + 1090. Determine c(-13).
11
Let i(k) = -k**3 - 31*k**2 - 213*k + 76. What is i(-19)?
-209
Let j(l) = 4*l**3 - 30*l**2 - 189*l + 1358. Determine j(6).
8
Let o(z) = -4835*z - 1155569. Give o(-239).
-4
Let z(j) = 3457*j - 31066. What is z(10)?
3504
Let q(b) = -3*b**3 - 99*b**2 - 923*b - 148. Determine q(-12).
1856
Let f(l) = l**3 + 364*l**2 - 1284*l - 335468. Determine f(-365).
-33
Let g(c) = -64365*c - 965249. Determine g(-15).
226
Let x(k) = -k**3 + 31*k**2 - 198*k - 6. What is x(15)?
624
Let j(a) = 4*a**3 - 29*a**2 - 66*a - 11. What is j(9)?
-38
Let p(a) = a**3 + 118*a**2 + 382*a + 4366. Give p(-115).
111
Let v(d) = -184*d - 13472. What is v(-71)?
-408
Let j(d) = 974*d + 143404. Determine j(-148).
-748
Let o(k) = -37*k**2 + k + 289. Determine o(0).
289
Let k(h) = 217*h**2 + 591*h + 314. Give k(-2).
0
Let d(c) = -3309*c - 1164777. Give d(-352).
-9
Let u(t) = t**2 + 72*t + 396. Determine u(-6).
0
Let f(j) = j**3 - 87*j**2 - 11907*j - 1248. Give f(161).
-121
Let p(c) = 2*c**3 + 16*c**2 + 310*c + 2392. Give p(-8).
-88
Let q(v) = 290*v**3 + 1745*v**2 + 68*v - 5. Determine q(-6).
-233
Let n(t) = 713*t - 5468. What is n(8)?
236
Let x(c) = -22*c**2 + 2616*c - 12605. Calculate x(5).
-75
Let o(j) = 1802*j + 84558. Calculate o(-47).
-136
Let v(x) = -997*x - 144568. Give v(-145).
-3
Let w(t) = 11678*t - 163464. Calculate w(14).
28
Let s(a) = -4*a**3 - 9*a**2 - 3*a + 49. What is s(-5)?
339
Let k(m) = -20260*m + 871164. Determine k(43).
-16
Let a(g) = -146*g**3 + g**2 - 1260*g - 1261. What is a(-1)?
146
Let v(f) = f**3 - 32*f**2 - 586*f - 41. Give v(45).
-86
Let j(v) = 11*v**2 + 543*v + 5157. Give j(-16).
-715
Let m(a) = 12*a - 817. Give m(66).
-25
Let a(k) = 33*k**2 - 1900*k + 179. Calculate a(57).
-904
Let q(h) = 190255*h - 2663589. Determine q(14).
-19
Let l(o) = 576*o**2 - 9224*o + 113. Give l(16).
-15
Let j(b) = -2*b**2 - 473*b - 20209. Give j(-56).
7
Let p(d) = -263*d**2 + 18721*d + 69. What is p(71)?
3477
Let v(k) = -54*k**2 - 164*k + 187. What is v(2)?
-357
Let d(n) = -n**3 + 194*n**2 - 191*n - 537. What is d(193)?
-151
Let v(k) = 394*k - 4152. Determine v(10).
-212
Let t(g) = -148*g**2 - 86435*g - 1762. Give t(-584).
-10
Let u(z) = -1637*z - 307815. Give u(-188).
-59
Let a(v) = -v**3 + v**2 - 210*v - 1863. Give a(-7).
-1
Let r(x) = 3*x**3 + 129*x**2 + 1121*x + 151. Give r(-31).
-4
Let z(j) = -j**3 + 93*j**2 - 370*j + 178. Give z(89).
-1068
Let s(d) = -2642*d + 406762. Give s(154).
-106
Let x(w) = -2*w**3 + 127*w**2 - 424*w - 45. Calculate x(60).
-285
Let s(f) = -1337*f + 20084. Give s(15).
29
Let k(d) = -20*d**3 + 320*d**2 + 6*d + 56. Give k(16).
152
Let c(j) = -67106*j - 3086872. Determine c(-46).
4
Let t(g) = -g**2 + 2144*g + 8596. Give t(-4).
4
Let j(v) = 8960*v - 98643. Give j(11).
-83
Let x(m) = -9882*m - 12065925. Give x(-1221).
-3
Let s(i) = -5860*i + 462926. What is s(79)?
-14
Let z(s) = 5*s**3 - 9*s**2 - 21*s - 18. Determine z(-2).
-52
Let y(c) = 427*c - 35441. Give y(83).
0
Let i(w) = 536*w + 7251. Give i(-13).
283
Let i(z) = 53776*z + 967930. What is i(-18)?
-38
Let w(f) = 163*f + 881. Calculate w(-6).
-97
Let f(b) = 2*b**3 + 41*b**2 - 531*b + 86. Calculate f(-29).
1188
Let s(m) = 16430*m**2 + 49290*m - 3. What is s(-3)?
-3
Let b(h) = 6688*h - 86938. Give b(13).
6
Let c(t) = -32206*t + 1449268. Determine c(45).
-2
Let w(l) = 10747*l - 2804986. Calculate w(261).
-19
Let o(m) = 2*m**3 - 14*m**2 + 280*m - 1435. Give o(6).
173
Let d(k) = 560*k + 145620. Calculate d(-260).
20
Let a(k) = k**3 - 80*k**2 + 833*k - 105. Give a(12).
99
Let p(q) = 3*q**3 + 1592*q**2 - 6418*q + 2. Calculate p(4).
-6
Let b(y) = 1992*y - 28188. Give b(14).
-300
Let h(t) = -59*t**2 - 48770*t - 78374. What is h(-825)?
1
Let j(g) = -2588*g - 8244. Determine j(-3).
-480
Let s(g) = 3004*g - 2340100. Calculate s(779).
16
Let i(t) = -t**3 + 8*t**2 - 8518*t + 59544. What is i(7)?
-33
Let l(p) = -106*p + 5562. What is l(51)?
156
Let v(f) = -30*f**2 - 83*f - 279. What is v(-5)?
-614
Let b(m) = 73701*m + 515897. Calculate b(-7).
-10
Let t(w) = -w**2 - 106*w - 1914. What is t(-29)?
319
Let n(v) = 2687*v - 800747. Give n(298).
-21
Let y(h) = -2*h**3 + 268*h**2 - 768*h - 2322. What is y(131)?
36
Let j(g) = g**2 + 568*g + 21607. Determine j(-41).
0
Let k(q) = -5572*q - 156014. What is k(-28)?
2
Let v(x) = 3303*x + 33332. Calculate v(-10).
302
Let